{"id":4512,"date":"2013-07-13T09:40:07","date_gmt":"2013-07-13T07:40:07","guid":{"rendered":"http:\/\/www.fieldarts.com\/?page_id=4512"},"modified":"2013-07-13T09:52:02","modified_gmt":"2013-07-13T07:52:02","slug":"biographie-divan-sigg","status":"publish","type":"page","link":"https:\/\/www.fieldarts.com\/?page_id=4512","title":{"rendered":"Biographie D&rsquo;Ivan SIGG"},"content":{"rendered":"<p>Ivan Sigg est un peintre, illustrateur, romancier et po\u00e8te.<\/p>\n<p>1985 -1989 membre du groupe de peintres Banlieue Banlieue. Fresques de rue, toiles \u00e0 quatre mains, d\u00e9cors de cin\u00e9ma et ballet en France, Italie, Japon et USA.<\/p>\n<p>1989-2013: Nombreuses expositions personnelles et collectives. R\u00e9alisations de 1% artistiques utilisant toutes les techniques du verre sabl\u00e9. Spectacles de peinture num\u00e9rique en directe.<\/p>\n<p>1995-2010, illustrateur r\u00e9gulier pour : Le Monde, Lib\u00e9ration, T\u00e9l\u00e9rama, Votre Beaut\u00e9, Lire, Les inrocks, Deliciouspaper, A Nous Paris.<\/p>\n<p>2010-2013, fondation de la revue d\u2019art exp\u00e9rimentale KUU. (nombreuses expositions, salons, affiches,<br \/>\nCr\u00e9ation de livres d\u2019artiste : \u00ab\u00a0Mon poing de vue\u00a0\u00bb(1989), \u00ab\u00a0Des vagues en papier de bois\u00a0\u00bb (1991), \u00ab\u00a0Livre Hop-sc\u00e8ne\u00a0\u00bb (pop-up 1993), \u00ab\u00a0Un crochet de l\u2019air\u00a0\u00bb (1995).<br \/>\nAlbums pour enfants : \u00ab\u00a0Jeux d\u2019eaux\u00a0\u00bb (Gautier-Languereau1999), \u00ab\u00a0Le faraud s\u00e9ant\u00a0\u00bb ( Farfadet Bleu 2000) \u00ab\u00a0Les escalators j\u2019adore\u00a0\u00bb (Gautier-Languereau 2001), \u00ab\u00a0Un soir j\u2019ai trouv\u00e9 une pomme\u00a0\u00bb (Gautier-Languereau 2003) \u00ab\u00a0Le grand livre des \u00e9nigmes\u00a0\u00bb (Marabout 2006) \u00ab\u00a0Le grand livre des \u00e9nigmes 2\u00a0\u00bb (Marabout 2008) \u00ab\u00a0\u00e9nigmes litt\u00e9raires extraordinaires\u00a0\u00bb (marabout 2010)<\/p>\n<p>Romans : \u00ab\u00a0L\u2019annonce faite \u00e0 Joseph\u00a0\u00bb (Julliard 1999), \u00ab\u00a0La Touffe Sublime\u00a0\u00bb (Julliard 2003), \u00ab\u00a0L\u00eele du toupet\u00a0\u00bb (Publibook 2010) , \u00ab\u00a0L\u2019arbre nuage\u00a0\u00bb (\u00e0 para\u00eetre en 2013)<br \/>\nPo\u00e9sie : Recueils de Ha\u00efkus (\u00e9ditions AFH et \u00e9ditions La Porte)<br \/>\nTh\u00e9\u00e2tre : Pi\u00e8ce \u00ab\u00a0Animalamlet\u00a0\u00bbchez Carnetslivres (2008) mise en sc\u00e8ne par Iulian Furtuna, jou\u00e9e au Th\u00e9\u00e2tre du petit St Martin (2012). Peintures num\u00e9riques pour les spectacles du metteur en sc\u00e8ne Christophe Glockner et du chanteur Petrek.<\/p>\n","protected":false},"excerpt":{"rendered":"<p>Ivan Sigg est un peintre, illustrateur, romancier et po\u00e8te. 1985 -1989 membre du groupe de peintres Banlieue Banlieue. Fresques de rue, toiles \u00e0 quatre mains, d\u00e9cors de cin\u00e9ma et ballet en France, Italie, Japon et USA. 1989-2013: Nombreuses expositions personnelles et collectives. R\u00e9alisations de 1% artistiques utilisant toutes les techniques du verre sabl\u00e9. Spectacles de&#8230;<\/p>\n","protected":false},"author":2,"featured_media":0,"parent":0,"menu_order":0,"comment_status":"closed","ping_status":"closed","template":"","meta":{"footnotes":""},"class_list":["post-4512","page","type-page","status-publish","hentry"],"_links":{"self":[{"href":"https:\/\/www.fieldarts.com\/index.php?rest_route=\/wp\/v2\/pages\/4512","targetHints":{"allow":["GET"]}}],"collection":[{"href":"https:\/\/www.fieldarts.com\/index.php?rest_route=\/wp\/v2\/pages"}],"about":[{"href":"https:\/\/www.fieldarts.com\/index.php?rest_route=\/wp\/v2\/types\/page"}],"author":[{"embeddable":true,"href":"https:\/\/www.fieldarts.com\/index.php?rest_route=\/wp\/v2\/users\/2"}],"replies":[{"embeddable":true,"href":"https:\/\/www.fieldarts.com\/index.php?rest_route=%2Fwp%2Fv2%2Fcomments&post=4512"}],"version-history":[{"count":5,"href":"https:\/\/www.fieldarts.com\/index.php?rest_route=\/wp\/v2\/pages\/4512\/revisions"}],"predecessor-version":[{"id":4514,"href":"https:\/\/www.fieldarts.com\/index.php?rest_route=\/wp\/v2\/pages\/4512\/revisions\/4514"}],"wp:attachment":[{"href":"https:\/\/www.fieldarts.com\/index.php?rest_route=%2Fwp%2Fv2%2Fmedia&parent=4512"}],"curies":[{"name":"wp","href":"https:\/\/api.w.org\/{rel}","templated":true}]}}